8 + 2/(-9))?
9
Let z(g) = 49*g**3 + g**2 - 1. Let u = 5 - 4. Let t be z(u). What is the units digit of (-72)/14*t/(-14)?
8
Let i(b) = 17*b + 3. Suppose -1 = 2*z + 1. Let o(f) = -1. Let g(m) = z*i(m) + 6*o(m). What is the tens digit of g(-3)?
4
Suppose 0 = 22*s + 64*s - 621694. What is the units digit of s?
9
Let a = 17051 + 48807. What is the thousands digit of a?
5
Let l(f) = -2*f**2 - f + 179. Suppose 0 = 2*r - 4*r - i, -4*i = 5*r. Let b be l(r). Suppose -45 = -4*p + b. What is the units digit of p?
6
Suppose -t + 2*w = 3*w - 1609, 0 = -2*t + 4*w + 3200. Suppose m = l - 89 + t, -3*l - 7593 = -5*m. What is the units digit of m?
1
Suppose 6962 = 2*v - 4*f, 267*f + 6983 = 2*v + 270*f. What is the thousands digit of v?
3
Let b be -2 + ((-116)/(-5))/((-14)/(-35)). Let x be (2730/(-4))/(-4*7/b). Suppose -12*l - l = -x. What is the units digit of l?
5
Let s be 10/14 - 1 - (-706548)/84. Suppose 49*j - 62*j = -s. What is the units digit of j?
7
What is the hundreds digit of ((-11821)/6)/((-127)/762)?
8
Suppose -4*i + 5*l = -19024, 0*i + l + 19024 = 4*i. What is the units digit of i?
6
Let y = -2254 - -13361. What is the hundreds digit of y?
1
Let a(n) = 2*n**2 - 6*n + 7. Let u be a(2). Suppose -3*f + y - u*y + 230 = 0, -4*f + 5*y = -276. Suppose -2*q = -28 - f. What is the tens digit of q?
5
Let f = 20647 - 18258. What is the thousands digit of f?
2
Let d = 45 + -21. Let p = d + -23. What is the tens digit of ((-682)/(-33))/(p/3)?
6
Suppose 0 = 5*b + 3*h - 1662, -b + 0*b - 5*h + 350 = 0. Suppose 4*o + 4*g = 1180, b + 882 = 4*o - 4*g. What is the tens digit of o?
9
Suppose 0 = -7*p + 205 - 170. Suppose 5*d - 3*o - 1171 = 0, -p*o + 553 = 4*d - 406. What is the units digit of d?
6
Suppose -4*f + 79326 = 2*a, 0 = 8*a - 5*a - 5*f - 119011. What is the tens digit of a?
6
Suppose 3*s = -3*z + s - 93, -z = -5*s + 31. Let t = z - -27. Let f(h) = -h**3 + 5*h + 11. What is the units digit of f(t)?
5
Let i(a) = a**2 - 6*a + 2. Suppose -58*k + 4 = -57*k. Let v be i(k). Let m(q) = -q**3 - 3*q**2 + 17*q - 3. What is the units digit of m(v)?
3
What is the units digit of (8639/2)/(43/6 - (113 + -106))?
7
Let q(w) = 950 - 236*w + 254*w + 62 - 69. What is the units digit of q(0)?
3
Let n(x) be the second derivative of x**4/4 + 2*x**3/3 + x**2/2 - 8*x. Let c be n(-2). What is the units digit of 56/c*20/8?
8
Let n = -862 - -194. Let r = n + 1773. What is the tens digit of r?
0
Let g be ((-492)/(-18) - 0)/((-3)/63). Let j = g - -886. What is the units digit of j?
2
Suppose 35*s - 12060 = 5*s. Let b = -233 + s. What is the units digit of b?
9
Let q be (-10)/(-2)*2/5. Suppose q*y - 446 = 362. What is the tens digit of (-28)/35 - y/(-5)?
8
What is the units digit of ((-6041)/4 + 2)/(756/(-1008))?
1
Suppose 3*n = 12, 11*o + n - 646 = 8*o. Let h = 951 - o. What is the units digit of h?
7
Suppose 37*i - 41*i + 208 = 0. Let o be (1 - 14)*(0 - -1). Let f = i + o. What is the units digit of f?
9
Let g(k) = 262*k - 1. Let q be g(1). Suppose 3*y = -0*y - q. What is the units digit of ((-57)/(-6))/(3 + y/30)?
5
Let q = -36955 + 55584. What is the hundreds digit of q?
6
Suppose -35 = -5*n, 5*j + n - 96248 = 664. What is the tens digit of j?
8
Let a(q) = -q**2 - 254*q + 65751. What is the units digit of a(0)?
1
Let i = 31 - -60. Let r(t) = t**2 + 7*t - 8. Let f be r(-8). Suppose f = -6*g + 269 + i. What is the units digit of g?
0
Let k(i) = -2*i. Let a(g) = -g - 37. Let d(l) = a(l) + 5*k(l). Let z be d(-4). Let f(b) = 5*b**2 - 10*b - 2. What is the hundreds digit of f(z)?
1
What is the hundreds digit of (-304)/(-3)*(-19)/(608/(-432))?
3
Let t(c) = -27 + 29 + 16 + 21 + 31 - 178*c. What is the tens digit of t(-10)?
5
Suppose 157*k = 170*k - 105911. What is the units digit of k?
7
Let a be 0 + -98 - 0/2. Let i = 83 + a. Let k(j) = -j**3 - 14*j**2 + 7*j + 46. What is the tens digit of k(i)?
6
Let w = -18177 + 52834. What is the thousands digit of w?
4
What is the ten thousands digit of (277730/(-15))/((-10)/24 + (-26)/104)?
2
Let i be (2/6)/(5/(-4 - 26)). Let v be 0 + (20 - (4 + i)). Suppose 588 = v*l - 15*l. What is the hundreds digit of l?
1
Let b(p) = 5*p**3 + 151*p**2 - 4*p + 44. What is the thousands digit of b(-30)?
1
Let q = 3980 + -2772. What is the hundreds digit of q?
2
Let d(w) = -w + 2. Let q be d(-5). Suppose -2835 = -q*o - 868. What is the units digit of o?
1
Let v(o) = -2310*o - 4363. What is the ten thousands digit of v(-10)?
1
Let w be 2/((0 + -2)/(-2)) + 2. Suppose -5*d = j - 3*j + 1490, 0 = -w*j + 20. Let b = -124 - d. What is the tens digit of b?
7
What is the hundreds digit of (97384/(-470))/((-2)/120)?
4
Let m(z) = 185*z**2 - 7*z - 38. What is the hundreds digit of m(3)?
6
Let c be -3 + 52/28 + (-2)/(-14). What is the units digit of c/((3/1191)/(-1))?
7
Suppose -d + 3*u = -1132, 3*d + 17*u - 3382 = 12*u. What is the thousands digit of d?
1
Suppose d - 4*o = -1096 + 8035, d - 2*o = 6943. What is the units digit of d?
7
Let o(f) = -101*f**3. Let j = -145 - -115. Let k be 1 - ((-4)/(-6))/((-10)/j). What is the units digit of o(k)?
1
Let l be 2 - 1 - (1 + -95)*2. Let s = 52 - l. Let m = s - -209. What is the units digit of m?
2
Let s(d) = 52*d**2 - 2*d - 29. Let x(w) = 17*w**2 - 10. Let q(r) = -2*s(r) + 7*x(r). What is the hundreds digit of q(-5)?
3
Let q be 41/((-4000)/(-1984) - (0 + 2)). Suppose q = 2*c + 158. What is the tens digit of c?
9
Let c(k) = -6*k + 23. Let q be c(-17). Suppose 0 = 5*h - 1161 + 31. Let p = h - q. What is the tens digit of p?
0
What is the hundreds digit of (-6 - -36493) + (4 - 5/(-5))?
4
Let m(o) = 31 - 3*o - 8 + 17 + 46 + 2*o**2. Let f(l) = 2*l**2 - 2*l + 87. Let r(w) = 4*f(w) - 3*m(w). What is the units digit of r(0)?
0
Suppose 3*x = -13*j + 9*j + 23419, 5*x - 23421 = -4*j. What is the hundreds digit of j?
8
Suppose -q - 3*m = -15, 2*m - 14 = -3*q + q. Suppose q*w + 57 = 6*w. What is the units digit of -3*2/((-6)/w)?
9
Suppose 2048556 = 64*j + 558572. What is the tens digit of j?
8
Let y = 37 + -16. Let v(d) = -d - d + 6*d + 7*d + y. What is the tens digit of v(7)?
9
Let a = 946 - 69. Let m = a - 568. What is the units digit of m?
9
Let p(x) = -x**2 - 46*x - 88. Let y be p(-22). Suppose 2*d = n + y, -2*d - n = 2*n - 448. What is the units digit of d?
1
What is the hundreds digit of (-331210)/(-35) - (-30)/35?
4
Let c(s) = 6060*s - 2544. What is the tens digit of c(3)?
3
Let v be 1/5 - (-2 - 17170/25). Suppose 4*y - v = 107. What is the tens digit of y?
9
Let x be 2/(-3) - -24*(-6)/27. Let w(b) = -3*b**3 - 9*b**2 + 11*b + 4. What is the hundreds digit of w(x)?
2
Suppose -2*i + 4*i = -4*g + 53268, g = -7. What is the ten thousands digit of i?
2
Let b = -52 - -70. What is the tens digit of 246 - (b - -2)/5?
4
Let q(v) = -594*v + 5124. What is the units digit of q(7)?
6
Let q = 151 + -156. Let x(g) = -2*g**3 + 4*g**2 + g + 13. What is the units digit of x(q)?
8
Suppose 6*v - 10*v = 3*i - 11300, -8462 = -3*v + i. What is the units digit of v?
2
Suppose 0 = -15*q - 4*q + 1539. Suppose -5*b + 5*g + 3609 = -q, 3*b + 5*g = 2174. What is the tens digit of b?
3
Let d = 140 - 141. Let w(l) = -94*l + 3. What is the tens digit of w(d)?
9
Let z(p) = -8*p**2 + 58 - 75*p - p**3 - 4*p**2 + 21*p**2 + 24*p**2 + 35. What is the hundreds digit of z(30)?
5
Suppose 79211 = 123*x - 975391. What is the units digit of x?
4
Let l = 812 + -812. What is the tens digit of (l - -1)*(1946 + (7 - 2))?
5
Suppose -11*t - 14742 = -53*t. Let m = t - -860. What is the units digit of m?
1
What is the tens digit of 3799758/(-2692)*((-7)/3 - 1)?
0
Suppose 9*f - 22 = 77. Let a be ((-280)/(-5))/(1/6). Suppose -1810 = -f*x - a. What is the units digit of x?
4
Suppose 3*q - 10 - 22 = -4*v, -5*v = 5*q - 40. Let g(s) = 2*s**2. Let d be g(-1). Suppose 3*x + 7*h - 382 = v*h, -3*h - 257 = -d*x. What is the tens digit of x?
2
Let n = 1360 + -1363. Let l(b) = -38*b**2 - 12*b. Let v(d) = 25*d**2 + 8*d. Let c(m) = 5*l(m) + 8*v(m). What is the units digit of c(n)?
8
Let u(p) = -p**2 - 1. Let v(q) = -10*q + 4. Suppose 11*x + 2 = 9*x. Let w(f) = x*v(f) + u(f). What is the tens digit of w(7)?
1
Let s(o) = -1670*o + 1515. What is the ten thousands digit of s(-6)?
1
Suppose -9252 + 12 = -5*i. Suppose 2024 + i = 4*n. What is the units digit of n?
8
Let r = 37427 - 5765. What is the thousands digit 